2 - 2*j**3/3 - 5*j**2/2 - 3*j + 7. Let z be s(-4). Suppose 4*k + 142 = 5*t, 6*t - 3*k = 2*t + z. Is 13 a factor of t?
True
Suppose 92*l - 3145 = 91*l. Is 37 a factor of l?
True
Is (-2308)/(-7)*(-287)/(-82) a multiple of 6?
False
Let f be (-2*1)/((-4)/14). Let w be 107/f + (-16)/56. Suppose -r = -6 - w. Is 3 a factor of r?
True
Suppose 53*i - 19303 = -1124. Is i a multiple of 2?
False
Is 12 a factor of (-188)/18*-3*420/35?
False
Suppose 0 = -2*r - 0*r + 6, r - 19 = 4*b. Let j = b + 8. Suppose 4*s + 86 - 251 = -3*t, 0 = -j*t - 2*s + 220. Is t a multiple of 16?
False
Let o = 427 - -79. Is 23 a factor of o?
True
Suppose -3*j = 5*i - 3850, 4*j = j - 3*i + 3840. Is j a multiple of 75?
True
Let j(y) = y**2 + 2*y - 2. Let m be j(-3). Does 29 divide ((-116)/3)/(m + 8/(-6))?
True
Let c(z) = -3*z - 10. Let b be c(-5). Suppose 15 = 5*f + 2*t, -b = -5*f + 2*t + 10. Is (-16)/12 + 70/f a multiple of 22?
True
Suppose -w - 5*a = 4*w - 695, 4*a = -8. Is 47 a factor of w?
True
Does 59 divide (-1 + 4)*(31 - -28)?
True
Suppose 2*l - l - 2700 = -4*w, l = 4*w - 2708. Does 18 divide w?
False
Let r = -511 + 562. Is 2 a factor of r?
False
Suppose -4*d + 485 = 2*q + q, -2*q - 635 = -5*d. Suppose -2*v + 4*v + 5*g = d, 0 = -4*v - g + 295. Is 16 a factor of v?
False
Let x(y) = -160*y**3 + y**2 - 1. Let d(k) = -321*k**3 + 3*k**2 + k - 3. Let g(h) = 2*d(h) - 5*x(h). Is g(1) a multiple of 32?
True
Suppose -3818 = -30*t + 15622. Is t a multiple of 12?
True
Let p(f) = -f**3 - f**2 + 13*f + 1. Let v(m) = m**3 + m**2 - 20*m - 2. Let y(w) = -8*p(w) - 5*v(w). Let u be (-2)/(-4) - (-3)/2. Is y(u) a multiple of 10?
True
Let a(w) = -318*w**3 + w. Let z be a(-1). Suppose -6*f + z - 47 = 0. Is f a multiple of 9?
True
Let i = -39 + 41. Suppose 5*a - 99 = i*a. Let w = 108 - a. Is w a multiple of 25?
True
Let g be -1 + (10/(-65) - (-5872)/(-26)). Is 1 + 2 + (0 - g) a multiple of 41?
False
Suppose -218 = 5*r + 3*n - 2440, 0 = 2*r + 3*n - 887. Is r a multiple of 7?
False
Suppose 8*y = 12*y - 12. Suppose 21 = -0*p - y*p + 3*t, -5*t = 3*p - 3. Does 3 divide (2 + p)/(-2) - -14?
True
Suppose -630 = 3*n - 6*n. Is n/49*(-28)/(-6) a multiple of 20?
True
Let k = -4 + 6. Suppose 0 = 8*f - 2*f - 12. Suppose -4*t + k*t + w = -132, 3*w + 136 = f*t. Does 24 divide t?
False
Let k(c) = -c**3 - 16*c**2 + 2*c + 15. Suppose -32 = -17*t + 19*t. Let a be k(t). Let o = 53 - a. Is 17 a factor of o?
False
Let n(w) = w**2 + 5*w + 4. Let c be n(-8). Suppose -2*i - 8 = -c. Suppose 14*d - 244 = i*d. Does 14 divide d?
False
Suppose 701 = -0*s + 5*s + 2*g, 5*s - 699 = -3*g. Suppose 6*u = -s + 45. Is 5 a factor of 1/((-2)/u) + 4?
False
Let u = -115 + 199. Suppose -47*s = -48*s + u. Does 14 divide s?
True
Let t(s) = -137*s - 19. Is 33 a factor of t(-1)?
False
Let y(m) = m**3 - 4*m**2 + 2*m + 2. Let j be y(3). Let r(d) = -5*d - 3 - 5*d + 2. Is 9 a factor of r(j)?
True
Let f(g) = -1 - 15*g + 12 + g**3 + 4*g**2 + 20*g. Let r be f(-5). Let y = -33 - r. Is y a multiple of 3?
True
Let b(r) = 2*r**3 - 5*r**2 + 5*r - 1. Let g be b(2). Let t be 252/g + (-4)/10. Is (6/5)/(1/t) a multiple of 12?
True
Does 14 divide 6 + -1 - (-273 + 12)?
True
Suppose -13*x + 12 = -15*x. Let t(f) = f**3 + 5*f**2 + 2*f - 1. Let w be t(x). Let h = -25 - w. Is 6 a factor of h?
True
Let h = 1181 + -749. Is h a multiple of 27?
True
Let o(h) = -5*h**2 - 15*h - 6. Let f be o(-6). Let t = f + 160. Is t a multiple of 4?
True
Let t = -3889 + 8491. Is 59 a factor of t?
True
Suppose 4*n - d = 211, 5*n - d + 138 - 401 = 0. Suppose -n = 7*c - 227. Does 3 divide c?
False
Suppose -2*b + 48 = 4*b. Let f = b + -4. Suppose 3*z = -z + 2*o + 314, 0 = f*z + 5*o - 279. Does 19 divide z?
True
Let d(g) = g**3 + 15*g**2 + 24*g + 12. Let w be d(-10). Suppose 60 = q - j + 8, 5*q = j + w. Is 11 a factor of q?
True
Suppose -5*i - q - 20 = 0, 5*q - 3 = -4*i + 2. Let g(v) be the first derivative of -5*v**2/2 - 7*v + 1. Does 5 divide g(i)?
False
Let y = 44 + 24. Is 1/(-4) - (-1581)/y a multiple of 17?
False
Let b be 0/(-2) - (-18)/3. Suppose 230 = b*r + 74. Let h = 76 - r. Does 25 divide h?
True
Suppose -10 = -4*t + 2. Is t/1 + 1 + 1 a multiple of 5?
True
Suppose 0 = c + 8 - 3. Let z = c - -7. Suppose -40 = -z*q - 0*q. Is q a multiple of 16?
False
Let y(w) = 2*w**2 + 10*w + 1. Let v be (2/(-1))/((-28)/(-98)). Is y(v) a multiple of 23?
False
Let r(l) = l**2 + 5*l - 12. Let s be r(-6). Let g(q) = -9*q + 2. Is 9 a factor of g(s)?
False
Suppose 2*a = 38 + 22. Suppose -5*k - 18 = 3*f - 4*k, 5*f = 4*k - a. Let p = f + 26. Is 20 a factor of p?
True
Let h = -166 + 550. Suppose -3*g = g - h. Let f = g + -12. Is 17 a factor of f?
False
Suppose -f + 101 = 3*l - 0*f, 2*f + 118 = 4*l. Let i = -2 + 6. Suppose i*p - l = 20. Is 7 a factor of p?
False
Let h be 72/(-6*(-5)/(-20)). Let a = 135 + h. Is 18 a factor of a?
False
Suppose -1356 = 3*r - 15*r. Let x = r - 95. Does 8 divide x?
False
Let l = 14 + -12. Suppose -20 = 5*k, -236 = -4*m + l*k - 3*k. Does 22 divide -85*3/(m/(-16))?
False
Let u be 54/10 - 18/45. Suppose u*w = -0*w. Suppose -4*r + 202 = -2*f, 162 = 3*r - w*r + 2*f. Is 24 a factor of r?
False
Is 32 + 26 - (0 + 4 + 1) even?
False
Let x(k) = 2*k**2 + 10. Let w be x(7). Suppose 6*s = w + 564. Is s a multiple of 28?
True
Suppose -31 - 21 = -2*z + 2*a, -5*a = 0. Suppose -2*q = -z - 204. Is 16 a factor of q?
False
Suppose -2*l = -2*d - 1 - 3, 2 = 5*d - 2*l. Suppose -2*u = -0*u + 3*n - 179, -d*u + 200 = -4*n. Is u a multiple of 9?
False
Let j = -240 - -372. Is 10 a factor of j?
False
Is 21 a factor of -2 + (63/14)/(15/1180)?
False
Suppose 4*y = 4*d + 156, 41 - 11 = y + 2*d. Is 6 a factor of y?
True
Suppose 3*b = 11*b + 120. Does 11 divide (-4878)/(-30) + (-36)/b + -2?
False
Let s(y) be the second derivative of 0 + y**3 - 2*y**2 - 7*y + 3/4*y**4 + 1/20*y**5. Does 6 divide s(-8)?
True
Is 112 a factor of (312 + 8)/(-1 - 22/(-18))?
False
Let v(t) = 4*t**2 + t + 4. Let b(u) = -3*u**2 - 2*u - 4. Let c(l) = 5*b(l) + 4*v(l). Let z be c(7). Let d = z - -14. Does 17 divide d?
True
Suppose 56*a = 9*a + 103870. Is a a multiple of 17?
True
Suppose -2*l = 2*d - 782, -232 = -d + 3*l + 179. Does 36 divide d?
True
Suppose -11050 = -40*v + 23*v. Does 46 divide v?
False
Let r be (-34)/10 - (-4)/10. Let t(w) be the second derivative of -7*w**3/6 + w. Is 7 a factor of t(r)?
True
Let j(k) = 13*k**2 + 18*k + 17. Let h(a) = -7*a**2 - 9*a - 8. Let w(c) = 5*h(c) + 3*j(c). Suppose 3*v - z - 3*z = 1, -3*z - 12 = 0. Is w(v) a multiple of 12?
False
Let g be 18/4*(1158 - 4). Let z = g - 7335. Does 21 divide (-6)/4 + z/(-28)?
False
Let w = -2 + 1. Let n be (w/3)/((-2)/36). Suppose 5*p + n*c - 38 = 2*c, 3*c + 18 = 4*p. Is 6 a factor of p?
True
Let l = 0 - 8. Let h be (12/l)/(6/(-8)). Let u(d) = 3*d**2 - 2*d + 2. Does 10 divide u(h)?
True
Let a(n) = -260*n + 26. Is a(-3) a multiple of 31?
True
Let b be 20/4 + (2 - 2). Suppose b*h - h - 24 = -4*x, 0 = 5*x + 4*h - 30. Is 8 a factor of ((-34)/x)/((-1)/3)?
False
Let f(j) = 67*j - 6. Let x be 0 + -1 - (-8)/(1 - -3). Is f(x) a multiple of 22?
False
Let s(c) = -154*c + 297. Is s(-4) a multiple of 83?
True
Let n be 0/(1*(3 - 0)). Suppose j = 3*m - 3, n*m - 4*j + 14 = m. Suppose 6 = m*y, 10 - 34 = -2*p + 4*y. Does 11 divide p?
False
Let w be 34/(0 - -2) + -3. Let f(t) = 2*t**2 - 26*t - 3. Is f(w) a multiple of 5?
True
Suppose -7*h = -11*h + 176. Suppose -5*m = -444 + h. Does 14 divide m?
False
Let a(v) = -v - 15. Let b be a(-14). Let k be ((-8)/(-20))/(b/(-5)). Is (19 + k - -1) + 2 a multiple of 13?
False
Let f be -30 - -3*(5 - 4). Let k be 6/(-27) + 75/f. Let v(i) = -i**3 - i**2 - 2*i - 1. Is 5 a factor of v(k)?
False
Suppose -146 + 17 = -3*f. Let l = 24 - f. Let d = 36 + l. Is d even?
False
Let h(q) = 11*q + 33. Let k(s) = -4*s - 11. Let x(m) = 3*h(m) + 8*k(m). Let v be x(-5). Is (-148)/v*6/(-4) a multiple of 11?
False
Suppose -i = 2*i - 465. Let t = -10 + -73. Let l = t + i. Is 17 a factor of l?
False
Suppose 5*i = 4*b - 148, 0 = -b - 2*b - 3*i + 84. Does 8 divide b?
True
Let u be -5*(-3)/3*5. Let n = u + 13. Suppose -4 = -2*r + n. Is 9 a factor of r?
False
Let k(n) = n**3 - 22*n**2 + 24*n - 2. Let i be k(21). Suppose -4*q + y + 125 = 0, 4*q - i = -5*y + 34. Is 15 a factor of q?
True
Suppose -3*w - 14 = -17. Is -1 + (w - 3) + 79 a multiple of 38?
True
Let v(u) = -168 - 2*u + 87 